hen j(75) is divided by 1191.
18
Let z(o) = 6*o - 68. Let x be z(12). Calculate the remainder when 181 + x + 1 + 3 is divided by 16.
13
Let q(k) = -k + 11. Let i be q(8). Suppose o - i*o = o. Suppose -17*m + 18*m - 10 = o. Calculate the remainder when 46 is divided by m.
6
Let q(f) = -2*f**3 - 13*f**2 + f - 499. What is the remainder when q(-16) is divided by 145?
144
Suppose -19*m + 43065 = 2*m + 78*m. What is the remainder when m is divided by 33?
6
Let l = 8 - 17. Let h(d) = -3*d - 30. Let p be h(l). Let z = 10 - p. What is the remainder when 24 is divided by z?
11
Suppose -2*b + 5*r = -16, 5*b + 10*r - 6*r + 26 = 0. Let v(l) = -104*l - 29. Let g(n) = -23*n - 1. What is the remainder when v(b) is divided by g(-2)?
44
Let g = 130 - 114. Let m(p) = 4*p - 43. Calculate the remainder when m(g) is divided by 5.
1
Let c(h) = 2*h**2 - 8*h - 7. Let p(t) = -3*t**2 + 9*t + 8. Let i(f) = -4*c(f) - 3*p(f). Calculate the remainder when i(-9) is divided by 4.
0
Suppose -1882*n + 742 = -1868*n. What is the remainder when n is divided by 19?
15
Suppose 3*u = 5*b + 73, 28 = 5*u + 5*b - 67. Calculate the remainder when 209 is divided by u.
20
Let c = 32225 - 32193. Calculate the remainder when 1900 is divided by c.
12
Calculate the remainder when 646 is divided by (2*3/36*40)/((-32)/(-240)).
46
Suppose 5*v - 2*v - 62 = -2*p, 5*p + 73 = 2*v. Let a = v + -16. Calculate the remainder when (18/(-10))/((-84)/980) is divided by a.
5
Suppose -42*d = 135*d - 115050. Calculate the remainder when d is divided by 181.
107
Calculate the remainder when (20 + 3564/(-165))/((-1)/2510) is divided by 41.
39
Suppose 0 = a + b - 22, 5*b + 58 = 4*a - 75. Let t be 63/4 + ((-7)/28)/(-1). Let k = t - -88. What is the remainder when k is divided by a?
23
Let b(u) = 3*u**2 - 20*u - 41. Let v be b(9). Suppose 5*p - 10 = -0*p. Suppose 0 = 4*x, 2*l - p*x + x = v. What is the remainder when 48 is divided by l?
4
Suppose 8 = -5*g - 3*o, 4*o - o + 3 = 0. Calculate the remainder when (-189)/g + 3 + -11 is divided by 61.
59
Let c = 75 - 52. Suppose -3*q = c - 35. Suppose 0 = 6*l + q*l - 120. What is the remainder when l is divided by 3?
0
Let f = 2672 - 2319. Calculate the remainder when f is divided by 9.
2
Suppose 3*d - 4*q = -1, 6*d + 4*q - 26 = 4*d. What is the remainder when 264 is divided by (3*6 + 0)*(d - 4)?
12
Let r = 279 + -177. Let l(j) = -j**2 - 6*j + 46. Calculate the remainder when r is divided by l(-8).
12
Let v(x) = 15*x**2. Let l be 3*(-11)/(264/(-112)). Suppose 9 = 4*r - 2*c - 11, 0 = -2*r + 3*c + l. Calculate the remainder when v(-1) is divided by r.
3
Suppose 3 = 3*g, 3*g + 4 = -4*x + 35. Let z(i) = -118*i + 14. Let m be z(-1). Suppose 0 = 17*n - 13*n - m. Calculate the remainder when n is divided by x.
5
Let d be (75/50)/((-4)/(6216/(-9))). Let j = d + -186. What is the remainder when j is divided by 40?
33
Let f = -30 + 46. What is the remainder when 15/(-24) + (-409013)/(-2888) is divided by f?
13
Let z = -481 + 559. Let q = 82 - 58. Suppose q = 4*h - 56. What is the remainder when z is divided by h?
18
Let n(c) = c**3 + 33*c**2 - 196*c + 30. What is the remainder when n(-32) is divided by 17?
16
Suppose 0 = -4*s - 24, 4*s - 3032 = 321*g - 325*g. What is the remainder when 1533 is divided by g?
5
Let u be (0/2 - -193) + 2. Let o(i) = i**3 + 25*i**2 + 27. Let n be o(-25). Calculate the remainder when 12 is divided by (-20)/90 + u/n.
5
Suppose d + 12 = t, 0 = t + d + 4*d. Suppose 16 - t = 2*v. Suppose -2*w + 4*z + 58 = -32, -v*z - 190 = -4*w. Calculate the remainder when w is divided by 17.
15
Let s = -7085 + 7506. Calculate the remainder when s is divided by 31.
18
Suppose -5*h - 4*t + 2220 = 0, -10*t - 2220 = -5*h - 6*t. Calculate the remainder when 893 is divided by h.
5
Suppose -1976 = -37*l + 4092. Calculate the remainder when 826 is divided by l.
6
Let u(r) = -r**2 - 15*r - 4. Let g be (-1566)/189 - 3/((-42)/4). What is the remainder when 200 is divided by u(g)?
44
Let i = 75 + -33. Let z = 505 + -339. Calculate the remainder when (-5 + 12/3)*z*-1 is divided by i.
40
Let a(p) = p**2 - 600*p + 3579. Calculate the remainder when 9760 is divided by a(6).
10
Let x be -3*19*1/3. Let t(r) = -r**3 - 18*r**2 + 21*r + 53. What is the remainder when 25 is divided by t(x)?
10
Let c = -23 - -46. What is the remainder when c is divided by 6 - 742/105 - -1 - 305/(-75)?
3
Suppose 5*w + 1315 = 5*k, 1315 = 5*k + w + w. Let d = -236 + k. Calculate the remainder when 134 is divided by d.
26
Let a be ((-8)/(-6))/(23/(-69)). Let y = -13 + 13. Calculate the remainder when 87 is divided by y - a - 138/(-23).
7
Suppose 0 = -189*j - 7434 + 113841. What is the remainder when j is divided by 174?
41
Suppose -1840 + 5869 = 17*c. Suppose -5*l - 4*r - 132 = -8*l, 5*l - r - c = 0. Calculate the remainder when 237 is divided by l.
45
Suppose -9*k + 5*k = -76. Let v = 101 + -99. Suppose 333 = v*d + d. What is the remainder when d is divided by k?
16
Let s = -24906 - -25220. Calculate the remainder when s is divided by 23.
15
Let a(d) = 8*d**3 + 3*d**2 + d - 2. Let y be a(1). Let r(z) = -z**3 + 4*z**2 - 2*z + 3. What is the remainder when (187/34)/(-2 - y/(-4)) is divided by r(2)?
4
What is the remainder when 403 is divided by (350/56 + -6)*468?
52
Suppose -2023*z - 2808 = -2050*z. What is the remainder when 440 is divided by z?
24
Let p = -310 + 342. Suppose 30*x = p*x - 20. What is the remainder when 46 is divided by x?
6
Suppose 0*u + 154 = h + 3*u, -158 = -h + u. Let z = 218 - h. What is the remainder when z is divided by 9?
7
Let p(d) = -148*d - 1250. Calculate the remainder when p(-12) is divided by 104.
6
Let i be -5*(108/(-15) + 5). What is the remainder when 28 is divided by (-1961)/(-407) - (-2)/i?
3
Let p be (1 + -2)*(-13 - 2). Let x = 18 - p. Suppose 7*h - 3*h - 5*g - 421 = 0, -3*h + 318 = -x*g. What is the remainder when h is divided by 37?
35
Suppose 4*r - 23198 = -3*z, -6*r + 10*r = z - 7754. Calculate the remainder when z is divided by 10.
8
Suppose -650 = 12*w - 10*w - 15*w. What is the remainder when 2747 is divided by w?
47
Let i(w) = w**3 - 12*w**2 + 63*w - 1150. What is the remainder when i(15) is divided by 96?
86
Calculate the remainder when 23 is divided by (15/(-2) - -4)/((-5)/10).
2
Let c(a) = 2 - 29*a + 20*a + 3. Calculate the remainder when 67 is divided by c(-2).
21
Let q = -1960 + 2021. Let f(c) = -4*c + 6. Let l be f(9). Calculate the remainder when q is divided by ((-8)/(-6))/((-5)/l).
5
Let l = 2585 + -2574. What is the remainder when 5596 is divided by l?
8
Let a = 1708 + -1697. Let p = 283 - 70. Suppose 4*x - j - p = 0, -2*x + 0*x + 107 = -j. Calculate the remainder when x is divided by a.
9
Let z(x) = -57*x + 1439. What is the remainder when z(-29) is divided by 26?
24
Let i be -3 + 5 - 42/(-2). Let b(g) = -i*g - 28*g - 5 + 43*g. What is the remainder when b(-6) is divided by 11?
10
Let h = -147 - -214. Let u = -850 + 979. What is the remainder when u is divided by h?
62
Let y(o) = -2*o**3 - 30*o**2 - 14*o - 39. Calculate the remainder when y(-15) is divided by 13.
2
Suppose -5*w + 7*w - 10 = 0. Suppose -3*l = w*z - 236, -z - 228 = -6*z + l. Calculate the remainder when z is divided by 20.
6
Suppose -2*n + 1354 = 3*q, 0 = -5*q + 2*n - 558 + 2852. What is the remainder when q is divided by 123?
87
Suppose -6*y + 3*y + 19 = 2*c, -5*y - 2*c + 33 = 0. Calculate the remainder when (252/48)/(1253/840 + 36/(-30)) is divided by y.
4
Let j be 2*2/(-2) + 67/(-1). Let d = j - -72. Suppose 11*n = d*n + 128. Calculate the remainder when 28 is divided by n.
12
Let r be (18/(-9))/(1/(-9)). Let s = r + -14. Suppose -38*g + 34*g = -172. What is the remainder when g is divided by s?
3
Suppose -130*w + 150*w - 2260 = 0. Calculate the remainder when 6440 is divided by w.
112
Let q = 39 + -41. Let x be (q - -5)/(6/70). Suppose 26 = -3*u + x. What is the remainder when 8 is divided by u?
2
Suppose -146*s - 2686 = -148*s. Suppose -110*t = -93*t - s. What is the remainder when t is divided by 20?
19
Suppose 4*x + 5*q - 22 = 27, -x + 4*q = -28. Let a(g) = 5*g**3 + 3*g**2 - 4*g + 2. Calculate the remainder when a(2) is divided by x.
14
Let q(k) = 8*k**2 - 32*k - 21. What is the remainder when 506 is divided by q(7)?
65
Let u = 1673 + -1665. Let i(a) = 5*a**2 - 3*a - 8. Let w(r) = 6*